{"id":1215,"date":"2015-09-06T19:05:22","date_gmt":"2015-09-06T17:05:22","guid":{"rendered":"http:\/\/spr-renens.ch\/?page_id=1215"},"modified":"2017-01-15T17:10:06","modified_gmt":"2017-01-15T15:10:06","slug":"activites-spr-2015","status":"publish","type":"page","link":"https:\/\/spr-renens.ch\/?page_id=1215","title":{"rendered":"Activit\u00e9s SPR 2015"},"content":{"rendered":"<table width=\"494\">\n<tbody>\n<tr>\n<td width=\"108\">23.01.2015<\/td>\n<td width=\"386\"><a href=\"http:\/\/spr-renens.ch\/?p=1157\" target=\"_blank\">Conf\u00e9rence de H.Widmer sur le th\u00e8me \u00ab\u00a0<strong>C\u2019est rare ? Non, c\u2019est peu commun \u00ab\u00a0<\/strong><\/a><\/td>\n<\/tr>\n<tr>\n<td>20.02.2015<\/td>\n<td>Expos\u00e9 de Pierre Mathez : \u00a0<strong> Emile Zatopek<\/strong><\/td>\n<\/tr>\n<tr>\n<td>01.03.2015<\/td>\n<td width=\"386\"><strong>Expo-Bourse<\/strong> \u00e0 la salle de spectacle de Renens\u00a0\u00a0\u00a0\u00a0\u00a0\u00a0 \u00a0 \u00a0 invit\u00e9 d\u2019honneur : cercle philat\u00e9lique de Martigny<\/td>\n<\/tr>\n<tr>\n<td>27.03.2015<\/td>\n<td><strong>Assembl\u00e9e g\u00e9n\u00e9rale<\/strong><\/td>\n<\/tr>\n<tr>\n<td>24.04.2015<\/td>\n<td>S\u00e9ance avec avec vente aux ench\u00e8res de lots de timbres<\/td>\n<\/tr>\n<tr>\n<td>22.05.2015<\/td>\n<td width=\"386\">Conf\u00e9rence de Daniel Wenger :<strong> timbres de<\/strong> <strong>soldats<\/strong>\u00a0\u00a0\u00a0\u00a0\u00a0\u00a0 \u00a0\u00a0\u00a0en souvenir \u00e0 Walter Kaelin<\/td>\n<\/tr>\n<tr>\n<td>05.07.2015<\/td>\n<td><a href=\"http:\/\/spr-renens.ch\/?page_id=1274\" target=\"_blank\"><strong>Journ\u00e9e des Familles<\/strong> Penthaz<\/a><\/td>\n<\/tr>\n<tr>\n<td>18.09.2015<\/td>\n<td width=\"386\">Conf\u00e9rence de Christian Jaquier : <strong>Le lib\u00e9rateur de l&rsquo;Am\u00e9rique du Sud<\/strong><\/td>\n<\/tr>\n<tr>\n<td>26.et 27.09.15<\/td>\n<td width=\"386\"><strong><a href=\"http:\/\/spr-renens.ch\/?p=1205\" target=\"_blank\">Expo-Bourse Martigny<\/a><\/strong><\/td>\n<\/tr>\n<tr>\n<td>10.10.2015<\/td>\n<td><strong>Sortie \u00e0 Lucerne : <a href=\"http:\/\/spr-renens.ch\/?p=1308\" target=\"_blank\">Mus\u00e9e Erni \/ Mus\u00e9e de transport<\/a><\/strong><\/td>\n<\/tr>\n<tr>\n<td>23.10.2015<\/td>\n<td>Conf\u00e9rence de Pierre Jaquenoud : <strong>Urgent<\/strong><\/td>\n<\/tr>\n<tr>\n<td>25.10.2015<\/td>\n<td><strong>LOTO SPR<\/strong> , salle de spectacles Renens<\/td>\n<\/tr>\n<tr>\n<td>20.11.2015<\/td>\n<td>S\u00e9ance avec vente aux ench\u00e8res de lots de timbres<\/td>\n<\/tr>\n<tr>\n<td>26-29.11.2015<\/td>\n<td><strong>Timbr@phil Bulle exposition rang II et III<\/strong><\/td>\n<\/tr>\n<tr>\n<td>18.12.2015<\/td>\n<td>S\u00e9ance avec animation<\/td>\n<\/tr>\n<\/tbody>\n<\/table>\n","protected":false},"excerpt":{"rendered":"<p>23.01.2015 Conf\u00e9rence de H.Widmer sur le th\u00e8me \u00ab\u00a0C\u2019est rare ? Non, c\u2019est peu commun \u00ab\u00a0 20.02.2015 Expos\u00e9 de Pierre Mathez : \u00a0 Emile Zatopek 01.03.2015 Expo-Bourse \u00e0 la salle de spectacle de Renens\u00a0\u00a0\u00a0\u00a0\u00a0\u00a0 \u00a0 \u00a0 invit\u00e9 d\u2019honneur : cercle philat\u00e9lique &hellip; <a href=\"https:\/\/spr-renens.ch\/?page_id=1215\">Continuer la lecture <span class=\"meta-nav\">&rarr;<\/span><\/a><\/p>\n","protected":false},"author":1,"featured_media":0,"parent":833,"menu_order":0,"comment_status":"closed","ping_status":"closed","template":"","meta":{"footnotes":"","_links_to":"","_links_to_target":""},"class_list":["post-1215","page","type-page","status-publish","hentry"],"_links":{"self":[{"href":"https:\/\/spr-renens.ch\/index.php?rest_route=\/wp\/v2\/pages\/1215","targetHints":{"allow":["GET"]}}],"collection":[{"href":"https:\/\/spr-renens.ch\/index.php?rest_route=\/wp\/v2\/pages"}],"about":[{"href":"https:\/\/spr-renens.ch\/index.php?rest_route=\/wp\/v2\/types\/page"}],"author":[{"embeddable":true,"href":"https:\/\/spr-renens.ch\/index.php?rest_route=\/wp\/v2\/users\/1"}],"replies":[{"embeddable":true,"href":"https:\/\/spr-renens.ch\/index.php?rest_route=%2Fwp%2Fv2%2Fcomments&post=1215"}],"version-history":[{"count":11,"href":"https:\/\/spr-renens.ch\/index.php?rest_route=\/wp\/v2\/pages\/1215\/revisions"}],"predecessor-version":[{"id":1459,"href":"https:\/\/spr-renens.ch\/index.php?rest_route=\/wp\/v2\/pages\/1215\/revisions\/1459"}],"up":[{"embeddable":true,"href":"https:\/\/spr-renens.ch\/index.php?rest_route=\/wp\/v2\/pages\/833"}],"wp:attachment":[{"href":"https:\/\/spr-renens.ch\/index.php?rest_route=%2Fwp%2Fv2%2Fmedia&parent=1215"}],"curies":[{"name":"wp","href":"https:\/\/api.w.org\/{rel}","templated":true}]}}

Activités SPR 2015

<table width="494">
<tbody>
<tr>
<td width="108">23.01.2015</td>
<td width="386"><a href="http://spr-renens.ch/?p=1157" target="_blank">Conférence de H.Widmer sur le thème « <strong>C’est rare ? Non, c’est peu commun « </strong></a></td>
</tr>
<tr>
<td>20.02.2015</td>
<td>Exposé de Pierre Mathez :  <strong> Emile Zatopek</strong></td>
</tr>
<tr>
<td>01.03.2015</td>
<td width="386"><strong>Expo-Bourse</strong> à la salle de spectacle de Renens           invité d’honneur : cercle philatélique de Martigny</td>
</tr>
<tr>
<td>27.03.2015</td>
<td><strong>Assemblée générale</strong></td>
</tr>
<tr>
<td>24.04.2015</td>
<td>Séance avec avec vente aux enchères de lots de timbres</td>
</tr>
<tr>
<td>22.05.2015</td>
<td width="386">Conférence de Daniel Wenger :<strong> timbres de</strong> <strong>soldats</strong>          en souvenir à Walter Kaelin</td>
</tr>
<tr>
<td>05.07.2015</td>
<td><a href="http://spr-renens.ch/?page_id=1274" target="_blank"><strong>Journée des Familles</strong> Penthaz</a></td>
</tr>
<tr>
<td>18.09.2015</td>
<td width="386">Conférence de Christian Jaquier : <strong>Le libérateur de l&rsquo;Amérique du Sud</strong></td>
</tr>
<tr>
<td>26.et 27.09.15</td>
<td width="386"><strong><a href="http://spr-renens.ch/?p=1205" target="_blank">Expo-Bourse Martigny</a></strong></td>
</tr>
<tr>
<td>10.10.2015</td>
<td><strong>Sortie à Lucerne : <a href="http://spr-renens.ch/?p=1308" target="_blank">Musée Erni / Musée de transport</a></strong></td>
</tr>
<tr>
<td>23.10.2015</td>
<td>Conférence de Pierre Jaquenoud : <strong>Urgent</strong></td>
</tr>
<tr>
<td>25.10.2015</td>
<td><strong>LOTO SPR</strong> , salle de spectacles Renens</td>
</tr>
<tr>
<td>20.11.2015</td>
<td>Séance avec vente aux enchères de lots de timbres</td>
</tr>
<tr>
<td>26-29.11.2015</td>
<td><strong>Timbr@phil Bulle exposition rang II et III</strong></td>
</tr>
<tr>
<td>18.12.2015</td>
<td>Séance avec animation</td>
</tr>
</tbody>
</table>

<p>23.01.2015 Conférence de H.Widmer sur le thème « C’est rare ? Non, c’est peu commun «  20.02.2015 Exposé de Pierre Mathez :   Emile Zatopek 01.03.2015 Expo-Bourse à la salle de spectacle de Renens           invité d’honneur : cercle philatélique &hellip; <a href="https://spr-renens.ch/?page_id=1215">Continuer la lecture <span class="meta-nav">&rarr;</span></a></p>
